 divided by 198.
81
What is the remainder when 12238 is divided by 30?
28
Calculate the remainder when 287 is divided by 37.
28
Calculate the remainder when 1159 is divided by 224.
39
What is the remainder when 4333 is divided by 1082?
5
Calculate the remainder when 5273 is divided by 123.
107
What is the remainder when 2379 is divided by 68?
67
Calculate the remainder when 3953 is divided by 43.
40
Calculate the remainder when 1465 is divided by 106.
87
Calculate the remainder when 2158 is divided by 48.
46
What is the remainder when 408 is divided by 137?
134
What is the remainder when 864 is divided by 109?
101
What is the remainder when 9 is divided by 6?
3
What is the remainder when 620 is divided by 76?
12
Calculate the remainder when 345 is divided by 87.
84
What is the remainder when 855 is divided by 420?
15
Calculate the remainder when 196 is divided by 7.
0
Calculate the remainder when 120 is divided by 42.
36
What is the remainder when 309 is divided by 8?
5
What is the remainder when 10297 is divided by 3429?
10
Calculate the remainder when 125 is divided by 30.
5
What is the remainder when 2291 is divided by 1108?
75
What is the remainder when 639 is divided by 117?
54
Calculate the remainder when 2108 is divided by 37.
36
What is the remainder when 318 is divided by 82?
72
Calculate the remainder when 86 is divided by 31.
24
Calculate the remainder when 65 is divided by 10.
5
What is the remainder when 1186 is divided by 25?
11
Calculate the remainder when 674 is divided by 9.
8
Calculate the remainder when 14012 is divided by 27.
26
Calculate the remainder when 800 is divided by 788.
12
What is the remainder when 71 is divided by 27?
17
What is the remainder when 6115 is divided by 46?
43
What is the remainder when 259 is divided by 89?
81
Calculate the remainder when 1984 is divided by 341.
279
Calculate the remainder when 6396 is divided by 2132.
0
What is the remainder when 19471 is divided by 214?
211
Calculate the remainder when 133 is divided by 96.
37
Calculate the remainder when 564 is divided by 81.
78
What is the remainder when 1641 is divided by 12?
9
Calculate the remainder when 115 is divided by 10.
5
What is the remainder when 55 is divided by 32?
23
Calculate the remainder when 34 is divided by 19.
15
What is the remainder when 1871 is divided by 104?
103
Calculate the remainder when 135 is divided by 34.
33
What is the remainder when 651 is divided by 36?
3
Calculate the remainder when 162 is divided by 91.
71
What is the remainder when 984 is divided by 195?
9
What is the remainder when 224 is divided by 135?
89
What is the remainder when 126 is divided by 58?
10
What is the remainder when 232 is divided by 183?
49
Calculate the remainder when 707 is divided by 10.
7
What is the remainder when 575 is divided by 31?
17
Calculate the remainder when 171 is divided by 31.
16
Calculate the remainder when 1171 is divided by 651.
520
Calculate the remainder when 38638 is divided by 184.
182
What is the remainder when 40 is divided by 7?
5
What is the remainder when 527 is divided by 49?
37
Calculate the remainder when 184 is divided by 84.
16
What is the remainder when 36 is divided by 23?
13
Calculate the remainder when 126 is divided by 17.
7
What is the remainder when 288 is divided by 283?
5
Calculate the remainder when 177 is divided by 30.
27
Calculate the remainder when 1976 is divided by 22.
18
Calculate the remainder when 185 is divided by 27.
23
What is the remainder when 159 is divided by 62?
35
Calculate the remainder when 294 is divided by 37.
35
What is the remainder when 1217 is divided by 11?
7
Calculate the remainder when 380 is divided by 9.
2
What is the remainder when 168 is divided by 41?
4
Calculate the remainder when 948 is divided by 437.
74
Calculate the remainder when 91 is divided by 49.
42
Calculate the remainder when 152 is divided by 18.
8
What is the remainder when 287 is divided by 29?
26
What is the remainder when 256 is divided by 43?
41
Calculate the remainder when 1597 is divided by 322.
309
Calculate the remainder when 390 is divided by 69.
45
Calculate the remainder when 2158 is divided by 709.
31
What is the remainder when 63 is divided by 32?
31
What is the remainder when 3356 is divided by 46?
44
Calculate the remainder when 475 is divided by 18.
7
Calculate the remainder when 266 is divided by 62.
18
What is the remainder when 139 is divided by 38?
25
What is the remainder when 144 is divided by 7?
4
Calculate the remainder when 340 is divided by 38.
36
Calculate the remainder when 243 is divided by 28.
19
What is the remainder when 208 is divided by 52?
0
What is the remainder when 684 is divided by 184?
132
What is the remainder when 1318 is divided by 25?
18
What is the remainder when 4154 is divided by 189?
185
Calculate the remainder when 54 is divided by 11.
10
What is the remainder when 335 is divided by 20?
15
Calculate the remainder when 265 is divided by 57.
37
Calculate the remainder when 293 is divided by 275.
18
Calculate the remainder when 878 is divided by 111.
101
What is the remainder when 323 is divided by 165?
158
Calculate the remainder when 19 is divided by 17.
2
Calculate the remainder when 12757 is divided by 145.
142
Calculate the remainder when 2913 is divided by 62.
61
What is the remainder when 67906 is divided by 89?
88
What is the remainder when 69 is divided by 25?
19
What is the remainder when 38 is divided by 28?
10
Calculate the remainder when 87 is divided by 32.
23
What is the remainder when 292 is divided by 79?
55
Calculate the remainder when 5004 is divided by 15.
9
What is the remainder when 345 is divided by 91?
72
What is the remainder when 3383 is divided by 29?
19
Calculate the remainder when 6 is divided by 3.
0
Calculate the remainder when 197 is divided by 18.
17
Calculate the remainder when 1471 is divided by 57.
46
What is the remainder when 2217 is divided by 1103?
11
Calculate the remainder when 204 is divided by 168.
36
Calculate the remainder when 69804 is divided by 209.
207
Calculate the remainder when 115 is divided by 60.
55
Calculate the remainder when 429 is divided by 27.
24
Calculate the remainder when 1815 is divided by 79.
77
What is the remainder when 417 is divided by 42?
39
Calculate the remainder when 384 is divided by 51.
27
Calculate the remainder when 4368 is divided by 1448.
24
Calculate the remainder when 24 is divided by 7.
3
What is the remainder when 617 is divided by 10?
7
Calculate the remainder when 790 is divided by 216.
142
Calculate the remainder when 1539 is divided by 20.
19
Calculate the remainder when 16237 is divided by 116.
113
Calculate the remainder when 96 is divided by 11.
8
What is the remainder when 5497 is divided by 1372?
9
What is the remainder when 307 is divided by 81?
64
What is the remainder when 91 is divided by 30?
1
Calculate the remainder when 3 is divided by 1.
0
Calculate the remainder when 214 is divided by 18.
16
What is the remainder when 79 is divided by 26?
1
Calculate the remainder when 4676 is divided by 223.
216
Calculate the remainder when 453 is divided by 151.
0
What is the remainder when 161 is divided by 6?
5
What is the remainder when 729 is divided by 32?
25
Calculate the remainder when 477 is divided by 146.
39
What is the remainder when 2002 is divided by 118?
114
Calculate the remainder when 10499 is divided by 84.
83
Calculate the remainder when 286 is divided by 42.
34
What is the remainder when 641 is divided by 252?
137
What is the remainder when 1241 is divided by 308?
9
Calculate the remainder when 1443 is divided by 205.
8
Calculate the remainder when 59 is divided by 6.
5
What is the remainder when 1530 is divided by 34?
0
What is the remainder when 257 is divided by 85?
2
What is the remainder when 6723 is divided by 3348?
27
What is the remainder when 226 is divided by 78?
70
Calculate the remainder when 643 is divided by 14.
13
Calculate the remainder when 626 is divided by 30.
26
Calculate the remainder when 168 is divided by 29.
23
What is the remainder when 424 is divided by 7?
4
Calculate the remainder when 3 is divided by 1.
0
Calculate the remainder when 197 is divided by 171.
26
Calculate the remainder when 84 is divided by 20.
4
Cal